
What is the tens digit of 37735136?
3
What is the units digit of 380903895?
5
What is the hundred millions digit of 2605417358?
6
What is the tens digit of 773180469?
6
What is the ten millions digit of 798070704?
9
What is the thousands digit of 199370162?
0
What is the millions digit of 407645561?
7
What is the hundred thousands digit of 185840994?
8
What is the hundred thousands digit of 333293500?
2
What is the tens digit of 1077533548?
4
What is the millions digit of 287261942?
7
What is the hundred millions digit of 492897884?
4
What is the ten millions digit of 367230155?
6
What is the tens digit of 676975408?
0
What is the ten millions digit of 175736947?
7
What is the ten millions digit of 1770497721?
7
What is the ten millions digit of 49633523?
4
What is the thousands digit of 6583054?
3
What is the hundred millions digit of 1875057941?
8
What is the ten thousands digit of 1755760607?
6
What is the thousands digit of 585125839?
5
What is the tens digit of 21277809?
0
What is the millions digit of 840063399?
0
What is the hundreds digit of 859644005?
0
What is the hundred thousands digit of 809519470?
5
What is the tens digit of 17790235?
3
What is the hundred thousands digit of 329119862?
1
What is the tens digit of 71370577?
7
What is the millions digit of 110249430?
0
What is the ten thousands digit of 196415615?
1
What is the tens digit of 1038781431?
3
What is the units digit of 71004154?
4
What is the hundreds digit of 503331236?
2
What is the hundreds digit of 142922248?
2
What is the hundred millions digit of 2981697858?
9
What is the thousands digit of 647977987?
7
What is the tens digit of 20733449?
4
What is the hundreds digit of 931652?
6
What is the thousands digit of 225253868?
3
What is the tens digit of 490972818?
1
What is the hundreds digit of 93259838?
8
What is the ten millions digit of 85692047?
8
What is the hundreds digit of 163315801?
8
What is the hundred thousands digit of 149542345?
5
What is the ten millions digit of 33782436?
3
What is the ten millions digit of 133233372?
3
What is the hundred thousands digit of 4232617105?
6
What is the hundreds digit of 140336474?
4
What is the units digit of 89472364?
4
What is the tens digit of 1513412692?
9
What is the ten thousands digit of 3861531738?
3
What is the hundred millions digit of 782382144?
7
What is the units digit of 63860089?
9
What is the hundreds digit of 26929427?
4
What is the thousands digit of 5504228624?
8
What is the tens digit of 93526782?
8
What is the millions digit of 1398675706?
8
What is the ten millions digit of 151785400?
5
What is the ten thousands digit of 2725237918?
3
What is the tens digit of 550390874?
7
What is the hundred thousands digit of 137897550?
8
What is the ten thousands digit of 2983945?
8
What is the hundreds digit of 656338936?
9
What is the ten thousands digit of 191315577?
1
What is the units digit of 1095705850?
0
What is the units digit of 9872886?
6
What is the units digit of 219791315?
5
What is the ten millions digit of 643916530?
4
What is the hundred thousands digit of 1455596214?
5
What is the thousands digit of 3896077518?
7
What is the thousands digit of 599768958?
8
What is the ten millions digit of 32392229?
3
What is the units digit of 49372695?
5
What is the millions digit of 49059731?
9
What is the ten millions digit of 878764243?
7
What is the hundred thousands digit of 2243383235?
3
What is the ten thousands digit of 2232089888?
8
What is the hundred thousands digit of 36729350?
7
What is the ten thousands digit of 704877359?
7
What is the billions digit of 1334527878?
1
What is the ten thousands digit of 503461181?
6
What is the millions digit of 1773788521?
3
What is the tens digit of 1855412864?
6
What is the tens digit of 1326507365?
6
What is the units digit of 408147206?
6
What is the hundreds digit of 821577798?
7
What is the hundred thousands digit of 116047031?
0
What is the ten millions digit of 1167498400?
6
What is the tens digit of 1923604635?
3
What is the ten thousands digit of 957942792?
4
What is the thousands digit of 48112555?
2
What is the ten millions digit of 1111858659?
1
What is the hundred millions digit of 143039124?
1
What is the ten thousands digit of 336977089?
7
What is the tens digit of 129103169?
6
What is the hundreds digit of 1727906055?
0
What is the ten thousands digit of 1511965539?
6
What is the hundred thousands digit of 635946788?
9
What is the ten thousands digit of 19548952?
4
What is the ten millions digit of 53478661?
5
What is the ten millions digit of 968220545?
6
What is the millions digit of 753404204?
3
What is the millions digit of 2425679451?
5
What is the hundreds digit of 223463241?
2
What is the ten thousands digit of 6771806051?
0
What is the units digit of 785572699?
9
What is the units digit of 434162859?
9
What is the units digit of 46864753?
3
What is the hundreds digit of 3687794164?
1
What is the millions digit of 228188542?
8
What is the units digit of 539314427?
7
What is the units digit of 239237236?
6
What is the units digit of 32411833?
3
What is the hundred millions digit of 166122990?
1
What is the tens digit of 448385117?
1
What is the tens digit of 177842783?
8
What is the thousands digit of 12568773?
8
What is the tens digit of 57300390?
9
What is the ten thousands digit of 28143793?
4
What is the hundred millions digit of 551452169?
5
What is the ten thousands digit of 60123145?
2
What is the hundreds digit of 856942655?
6
What is the thousands digit of 46046495?
6
What is the ten thousands digit of 2348781?
4
What is the ten thousands digit of 210753652?
5
What is the ten thousands digit of 893467507?
6
What is the thousands digit of 380416138?
6
What is the millions digit of 61895603?
1
What is the hundreds digit of 242876781?
7
What is the ten millions digit of 460120658?
6
What is the hundred millions digit of 833231971?
8
What is the tens digit of 8325465?
6
What is the millions digit of 859813840?
9
What is the millions digit of 886810681?
6
What is the hundred thousands digit of 9262655?
2
What is the thousands digit of 1673785252?
5
What is the millions digit of 83332954?
3
What is the ten millions digit of 728888426?
2
What is the ten thousands digit of 243494732?
9
What is the units digit of 128815052?
2
What is the billions digit of 1920841837?
1
What is the hundreds digit of 887364397?
3
What is the hundreds digit of 4660265909?
9
What is the ten thousands digit of 46791856?
9
What is the millions digit of 168327235?
8
What is the hundreds digit of 3244770760?
7
What is the tens digit of 376042806?
0
What is the thousands digit of 21123374?
3
What is the ten millions digit of 3289607841?
8
What is the units digit of 36049303?
3
What is the hundreds digit of 4895334022?
0
What is the hundreds digit of 1177193236?
2
What is the ten thousands digit of 97198009?
9
What is the units digit of 426522210?
0
What is the thousands digit of 108389967?
9
What is the hundred thousands digit of 254496976?
4
What is the tens digit of 1102956910?
1
What is the ten thousands digit of 315530555?
3
What is the units digit of 36698433?
3
What is the hundred millions digit of 2448119724?
4
What is the tens digit of 333809963?
6
What is the millions digit of 275402337?
5
What is the hundreds digit of 74387800?
8
What is the thousands digit of 1657290330?
0
What is the hundreds digit of 126153439?
4
What is the ten millions digit of 38340412?
3
What is the hundred thousands digit of 26272068?
2
What is the hundreds digit of 240096117?
1
What is the millions digit of 4215765099?
5
What is the units digit of 31548346?
6
What is the ten millions digit of 540615809?
4
What is the ten millions digit of 831005147?
3
What is the tens digit of 35994506?
0
What is the units digit of 410115137?
7
What is the hundreds digit of 6431781?
7
What is the units digit of 178103735?
5
What is the hundred thousands digit of 423981537?
9
What is the tens digit of 65541171?
7
What is the thousands digit of 510267644?
7
What is the millions digit of 676165030?
6
What is the hundreds digit of 606741721?
7
What is the millions digit of 5871133?
5
What is the ten millions digit of 30158071?
3
What is the millions digit of 1351815641?
1
What is the hundred th